pose q*l = o*l - 85. What is the remainder when 49 is divided by l?
15
Suppose -4*g = 3*f - 20, 18 = 4*f + g - 0*g. What is the remainder when 6 is divided by f?
2
Let w = 36 - 4. What is the remainder when 63 is divided by w?
31
Let c(n) = 3 - 3*n**2 - 9*n + 2*n + 2*n**2. Calculate the remainder when 170/4 + (-1)/(-2) is divided by c(-4).
13
Suppose 5*i + 0*i = 135. Calculate the remainder when 104 is divided by i.
23
Suppose 2*x = 7*x - 2*q - 118, -q = -2*x + 48. Suppose -4*c = 3*d - 6*d + 113, 4*d + 2*c = 180. What is the remainder when d is divided by x?
21
Suppose 2*f = -0*f + 32. Calculate the remainder when 29 is divided by f.
13
Let q = 13 - -5. What is the remainder when 57 is divided by q?
3
Let v be 117 - ((5 - 1) + -3). Let o = v + -80. Let p = o + -23. What is the remainder when 49 is divided by p?
10
Let f(k) = 10*k - 1. Let o = 55 + -39. Let y = o + -6. Calculate the remainder when f(3) is divided by y.
9
Suppose -7*f - 32 = -9*f. Calculate the remainder when 28 is divided by f.
12
Let q = -3 + 3. Suppose -2*y + 4 = -0*y. Let f = y + q. What is the remainder when f is divided by 1?
0
Let v be (-4)/1 - (4 - 11). Suppose 0 = -0*t - 2*t + 4*r + 40, 0 = -2*t - v*r + 12. What is the remainder when 45 is divided by t?
9
Suppose 50 - 122 = -3*d. What is the remainder when 119 is divided by d?
23
Suppose i = -2*v + 3*i + 34, 5*i - 67 = -3*v. Let j = -34 - -21. Let t = -3 - j. Calculate the remainder when v is divided by t.
9
Let i be 56/6 + (-6)/(-9). Suppose -2*o = o - 15. What is the remainder when o/(i/3)*26 is divided by 14?
11
Suppose -5*r + 306 = 86. What is the remainder when r is divided by (17 - 2) + 0/(-1)?
14
Suppose 3*d + 3*a = 105, d = 2*a + 2*a + 25. Let o = 7 - -5. Calculate the remainder when d is divided by o.
9
Suppose -63 = -5*u + 2*v, -4*u + 4*v = -5*u + 17. What is the remainder when 25 is divided by u?
12
What is the remainder when 66 is divided by (68/16)/(1/8)?
32
Suppose 15 = 4*c + 3*p, c + 4*p = 5*c - 36. Suppose 2 = -4*h + c. Let k = -3 - -4. What is the remainder when k is divided by h?
0
Suppose -11*g + 9*g + 6 = 0. What is the remainder when 5 is divided by g?
2
Let x = -81 - -114. What is the remainder when 162 is divided by x?
30
Suppose -3*p - 4 + 28 = 0. Calculate the remainder when 21 is divided by p.
5
Let x = -191 + 302. Suppose 0 = -0*d - 2*d + 68. What is the remainder when d is divided by (-1)/3 + x/9?
10
Let d(q) = 30*q + 1. Let l be d(2). Suppose -4*k + l = -3*s, 5*k + 0*k = 5*s + 80. What is the remainder when 37 is divided by k?
11
Let w be (3/2)/((-2)/4). Let f = w - -6. Calculate the remainder when 4 is divided by f.
1
Calculate the remainder when -6*1*-10 - -2 is divided by 23.
16
What is the remainder when (-6)/8 - ((-3535)/20 + -1) is divided by 20?
17
Calculate the remainder when (3 - (-33)/(-9))/((-22)/33) is divided by 1.
0
Suppose -4*l + 121 = -75. Let s be 0*(-1)/(-2)*-1. Suppose 5*z + s*z - 85 = 0. What is the remainder when l is divided by z?
15
Let n(g) = -g**2 + 15*g - 1. Let m(d) = 3*d**2 - 1. Let a be m(-1). Calculate the remainder when (5/a)/((-1)/(-10)) is divided by n(14).
12
Let v be (1 + -7)/(-2) - -47. Calculate the remainder when v - (1 + 2/(-2)) is divided by 17.
16
Suppose 6*a = 2*a + 496. Suppose -13*l + a = -9*l. What is the remainder when l is divided by 17?
14
Let j(p) = 31*p**2 - 1. Suppose -4*s = -4*w + 8, 2*w - 7*w = -s + 2. Calculate the remainder when j(w) is divided by 16.
14
Suppose -20 = 3*s + 4. Let a(m) = -m**3 - 9*m**2 - 9*m - 3. Let d be a(s). Let q = d + 9. Calculate the remainder when 27 is divided by q.
13
Let x be (-6)/9 + 172/(-3). Let c = 84 + x. Calculate the remainder when 77 is divided by c.
25
Let c be 5/2*2/1. Suppose -3*i + i = 4*s - 8, s - 2 = 4*i. Suppose -2*j = 4*q - i*j - 74, c*j = 2*q - 55. What is the remainder when q is divided by 7?
6
Suppose 3*f + 3 = 4*f. Suppose y = -4*t + 14, -f*t - 2*y + 3*y = -14. Let o = t - 0. What is the remainder when 6 is divided by o?
2
Suppose -2*b = -2*i + 8 + 30, 0 = 3*i - 2*b - 52. What is the remainder when 55 is divided by i?
13
Suppose -2*o + 7 = -1. Suppose 5*i - 4*i = -h + 17, o*i + 60 = 4*h. What is the remainder when h is divided by 9?
7
Suppose 0 = -p + 2*p. Suppose p*m = -m. Suppose m*y - y = -23. What is the remainder when y is divided by 12?
11
Let h(w) = -w**3 - 5*w**2 - 1. Let r be h(-7). Suppose r = 5*g - o, -5*g + 3*o = -2*o - 85. Let d = -10 - -17. What is the remainder when g is divided by d?
6
Let o(s) = s**2 - 8*s + 4. Let z be o(8). Suppose -z*x = 7*j - 2*j - 325, 5*x = -25. What is the remainder when j is divided by 24?
21
Let v(j) be the second derivative of -j**5/20 + 5*j**4/12 - j**3/6 + 3*j**2/2 + 2*j. What is the remainder when v(3) is divided by 7?
4
Suppose -4*j = -5*j + 40. Suppose -10 = 5*k, 2*f - k - 7 + 3 = 0. Suppose c - 3*b = -f, -b - 4 = -c + b. Calculate the remainder when j is divided by c.
12
Suppose -2*l - 3*l + 130 = 0. Suppose 47 - 7 = 3*t + c, 5*t - 4*c = 78. Calculate the remainder when l is divided by t.
12
Let p = 14 - 0. Calculate the remainder when 69 is divided by p.
13
Suppose -v + 2 + 0 = p, 0 = v - 2*p - 5. Calculate the remainder when 10 is divided by v.
1
Suppose -23 = -3*d + 1. Suppose d*u - 13*u = -90. Suppose -4*c + 4*g + 196 = 0, 126 = 4*c - g - 82. Calculate the remainder when c is divided by u.
17
Let s(l) = -11*l - 2. Let p(k) = k**3 - 5*k**2 + 11. Calculate the remainder when s(-3) is divided by p(5).
9
Let s = 250 - 174. Suppose -5*t + 3 = -m + 1, -4*m = t - s. What is the remainder when m is divided by 10?
8
Let x = -36 + 58. Let m(q) = 2*q**2 - 6*q + 6. What is the remainder when m(6) is divided by x?
20
Let c = 11 + -7. Let z = c - 6. Let w = z + 8. Calculate the remainder when 11 is divided by w.
5
Let j be 0 - (-1*7 + -1). Let s = j + 0. What is the remainder when 14 is divided by s?
6
Let p = 13 + -2. Calculate the remainder when 41 is divided by p.
8
Suppose -5*x + 2 = -38. Calculate the remainder when 14 is divided by x.
6
Let s = 17 - 10. Calculate the remainder when 25 is divided by s.
4
Suppose 3*s = -0*s - 63. What is the remainder when (-6)/s + 152/7 is divided by 12?
10
Let d(a) = a + 11. Let i be d(-9). What is the remainder when 46 is divided by 8 + i - 2*-1?
10
Suppose 27 = 4*r - 2*h - 7, 3*r = 2*h + 24. Calculate the remainder when 69 is divided by r.
9
Let y(h) be the second derivative of h**4/6 + h**3/3 - h. Let p(g) = -2*g**3 - 6*g**2 - g - 2. Calculate the remainder when p(-4) is divided by y(-3).
10
Calculate the remainder when ((-4)/5)/(6/(-105)) is divided by ((-40)/(-12))/((-6)/(-9)).
4
Let r(o) = 2*o + 12. Calculate the remainder when 15 is divided by r(-4).
3
Let z(s) be the first derivative of s**3/3 - 13*s**2/2 - 10*s + 3. What is the remainder when z(17) is divided by 16?
10
Let o(w) = w**2 + 0*w**3 + w**3 - 5*w + 0*w**2 - 3*w**2. What is the remainder when o(5) is divided by 13?
11
Suppose -h - 7 = 4*d - 3*d, h = -2*d - 12. Let u be 2/d - 284/(-10). Suppose -u = -3*s + 8. What is the remainder when 34 is divided by s?
10
Let w(h) = -h**2 - 4*h - 6. Let y be w(-4). Let l be (-5 + 1)*(-3)/(-3). Let t = l - y. Calculate the remainder when 3 is divided by t.
1
Suppose 0 = -0*j + 3*j + 6. What is the remainder when (-375)/(-10)*j/(-3) is divided by 9?
7
Let n = -3 + 6. Suppose -3*l + j + 69 = l, n*l = -4*j + 28. What is the remainder when 47 is divided by l?
15
What is the remainder when 100 is divided by 4/8*-1 - (-69)/2?
32
Suppose -3*a + g + 19 = -2*a, -g = -4*a + 76. Let f = a + -7. Suppose 0*l - f = -4*l. Calculate the remainder when 7 is divided by l.
1
Let u = 1 - 0. Let l = 6 - 4. What is the remainder when l is divided by u?
0
Calculate the remainder when 67 is divided by (-7 - -2)/(-3*2/42).
32
Let i(x) = -x**3 + 5*x**2 - 2*x + 1. Let y(u) = 2*u**3 - 11*u**2 + 5*u - 1. Let c(l) = 5*i(l) + 2*y(l). Calculate the remainder when 8 is divided by c(3).
2
Suppose 0 = -5*l + 5*j + 295, 0*j + 177 = 3*l + 4*j. What is the remainder when l is divided by 10?
9
Suppose -3*c + 5 = -19. Suppose 0 = 5*o - c - 17. What is the remainder when 14 is divided by o?
4
Let s(p) = -p**2 - 14*p - 8. What is the remainder when s(-11) is divided by ((-68)/8 - -4)*-2?
7
Let r = 7 - -60. What is the remainder when r is divided b